{"id":482,"date":"2021-06-12T20:18:56","date_gmt":"2021-06-12T20:18:56","guid":{"rendered":"https:\/\/projektysloboda.pl\/?page_id=482"},"modified":"2021-07-01T20:22:21","modified_gmt":"2021-07-01T20:22:21","slug":"polityka-prywatnosci","status":"publish","type":"page","link":"https:\/\/projektysloboda.pl\/index.php\/polityka-prywatnosci\/","title":{"rendered":"polityka-prywatnosci-(rodo)"},"content":{"rendered":"\t\t<div data-elementor-type=\"wp-page\" data-elementor-id=\"482\" class=\"elementor elementor-482\" data-elementor-settings=\"[]\">\n\t\t\t\t\t\t\t<div class=\"elementor-section-wrap\">\n\t\t\t\t\t\t\t<section class=\"elementor-section elementor-inner-section elementor-element elementor-element-3ed3f5f3 elementor-section-boxed elementor-section-height-default elementor-section-height-default\" data-id=\"3ed3f5f3\" data-element_type=\"section\" data-settings=\"{&quot;background_background&quot;:&quot;classic&quot;}\">\n\t\t\t\t\t\t<div class=\"elementor-container elementor-column-gap-default\">\n\t\t\t\t\t<div class=\"elementor-column elementor-col-100 elementor-inner-column elementor-element elementor-element-301d12a9\" data-id=\"301d12a9\" data-element_type=\"column\">\n\t\t\t<div class=\"elementor-widget-wrap elementor-element-populated\">\n\t\t\t\t\t\t\t\t<div class=\"elementor-element elementor-element-73d61c39 elementor-widget elementor-widget-heading\" data-id=\"73d61c39\" data-element_type=\"widget\" data-widget_type=\"heading.default\">\n\t\t\t\t<div class=\"elementor-widget-container\">\n\t\t\t<h2 class=\"elementor-heading-title elementor-size-default\">POLITYKA PRYWATNO\u015aCI (RODO)<\/h2>\t\t<\/div>\n\t\t\t\t<\/div>\n\t\t\t\t<div class=\"elementor-element elementor-element-5657cff4 elementor-widget-divider--view-line elementor-widget elementor-widget-divider\" data-id=\"5657cff4\" data-element_type=\"widget\" data-widget_type=\"divider.default\">\n\t\t\t\t<div class=\"elementor-widget-container\">\n\t\t\t\t\t<div class=\"elementor-divider\">\n\t\t\t<span class=\"elementor-divider-separator\">\n\t\t\t\t\t\t<\/span>\n\t\t<\/div>\n\t\t\t\t<\/div>\n\t\t\t\t<\/div>\n\t\t\t\t<div class=\"elementor-element elementor-element-3b19350 elementor-widget elementor-widget-spacer\" data-id=\"3b19350\" data-element_type=\"widget\" data-widget_type=\"spacer.default\">\n\t\t\t\t<div class=\"elementor-widget-container\">\n\t\t\t\t\t<div class=\"elementor-spacer\">\n\t\t\t<div class=\"elementor-spacer-inner\"><\/div>\n\t\t<\/div>\n\t\t\t\t<\/div>\n\t\t\t\t<\/div>\n\t\t\t\t<div class=\"elementor-element elementor-element-5c096349 elementor-widget elementor-widget-text-editor\" data-id=\"5c096349\" data-element_type=\"widget\" data-widget_type=\"text-editor.default\">\n\t\t\t\t<div class=\"elementor-widget-container\">\n\t\t\t\t\t\t\t<p>Zgodnie z art. 13 ust. 1 i ust. 2 rozporz\u0105dzenia Parlamentu Europejskiego i Rady (UE) 2016\/679 z 27 kwietnia 2016 r. w sprawie ochrony os\u00f3b fizycznych w zwi\u0105zku z przetwarzaniem danych osobowych i w sprawie swobodnego przep\u0142ywu takich danych oraz uchylenia dyrektywy 95\/46\/WE (RODO), informujemy \u017ce:<\/p><ul><li>Zale\u017cy nam na zachowaniu Pani\/Pana prywatno\u015bci oraz bezpiecze\u0144stwie Pa\u0144stwa danych osobowych, przys\u0142uguj\u0105cych w zwi\u0105zku z RODO<\/li><li><strong>Administratorem<\/strong>\u00a0Pani\/Pana danych osobowych jest\u00a0<strong>Miros\u0142aw S\u0142oboda Projekty Budowlane<\/strong><em>, ul. Szopena 1H, Tomasz\u00f3w Lubelski, <\/em>zwana dalej Nasz\u0105 Firm\u0105<\/li><li><strong>Inspektorem Ochrony Danych<\/strong> jest Nasza Firma. Osoba kontaktowa dost\u0119pna jest pod adresem e-mail: mireksloboda@wp.pl<\/li><\/ul>\t\t\t\t\t\t<\/div>\n\t\t\t\t<\/div>\n\t\t\t\t<div class=\"elementor-element elementor-element-714def8 elementor-widget elementor-widget-heading\" data-id=\"714def8\" data-element_type=\"widget\" data-widget_type=\"heading.default\">\n\t\t\t\t<div class=\"elementor-widget-container\">\n\t\t\t<h3 class=\"elementor-heading-title elementor-size-default\">Dane osobowe<\/h3>\t\t<\/div>\n\t\t\t\t<\/div>\n\t\t\t\t<div class=\"elementor-element elementor-element-84bc700 elementor-widget elementor-widget-text-editor\" data-id=\"84bc700\" data-element_type=\"widget\" data-widget_type=\"text-editor.default\">\n\t\t\t\t<div class=\"elementor-widget-container\">\n\t\t\t\t\t\t\t<p>W czasie korzystania ze strony internetowej\u00a0<strong>www.projektysloboda.pl<\/strong>, zwan\u0105 dalej Nasz\u0105 Stron\u0105 WWW, U\u017cytkownik mo\u017ce zosta\u0107 poproszony o podanie wybranych swoich danych osobowych, np. poprzez wype\u0142nienie formularza kontaktowego lub w inny podobny spos\u00f3b. Wszelkie wprowadzone dane osobowe s\u0105 przetwarzane w spos\u00f3b zgodny z wymogami okre\u015blonymi w prawie polskim.<\/p><p><strong>Administrator informuje, \u017ce podanie danych osobowych jest dobrowolne<\/strong>, lecz jest niezb\u0119dne do korzystania z Naszej Strony WWW w prawid\u0142owy spos\u00f3b.<\/p><p>Administrator danych osobowych mo\u017ce powierzy\u0107 przetwarzanie zebranych danych osobowych U\u017cytkownik\u00f3w innemu podmiotowi na podstawie zawartej z nim umowy powierzenia przetwarzania danych osobowych.<\/p>\t\t\t\t\t\t<\/div>\n\t\t\t\t<\/div>\n\t\t\t\t<div class=\"elementor-element elementor-element-7d1b570 elementor-widget elementor-widget-heading\" data-id=\"7d1b570\" data-element_type=\"widget\" data-widget_type=\"heading.default\">\n\t\t\t\t<div class=\"elementor-widget-container\">\n\t\t\t<h3 class=\"elementor-heading-title elementor-size-default\">Cel zbierania danych<\/h3>\t\t<\/div>\n\t\t\t\t<\/div>\n\t\t\t\t<div class=\"elementor-element elementor-element-802a3ec elementor-widget elementor-widget-text-editor\" data-id=\"802a3ec\" data-element_type=\"widget\" data-widget_type=\"text-editor.default\">\n\t\t\t\t<div class=\"elementor-widget-container\">\n\t\t\t\t\t\t\t<p>Celem przetwarzania danych osobowych jest np. przesy\u0142anie informacji o charakterze marketingowym oraz pozostanie w kontakcie z osobami, kt\u00f3re za po\u015brednictwem Naszej Strony WWW nawi\u0105za\u0142y kontakt z Administratorem. Podstaw\u0105 prawn\u0105 przetwarzania danych osobowych jest przes\u0142anie formularza zawartego na Naszej Stronie WWW.<\/p><p>Administrator powo\u0142uje si\u0119 tak\u017ce na prawnie uzasadniony interes, kt\u00f3rym jest zbieranie danych statystycznych i analizowanie ruchu na stronie internetowej (np. dla us\u0142ug Google Analitycs, Google Adwords.). Profilowanie u\u017cywane jest w Google Analytics, Google AdWords, Facebook Pixel. W sytuacji wniesienia sprzeciwu wobec profilowania, prosimy zoptymalizowa\u0107 odpowiednio przegl\u0105dark\u0119.<\/p>\t\t\t\t\t\t<\/div>\n\t\t\t\t<\/div>\n\t\t\t\t<div class=\"elementor-element elementor-element-d5ba287 elementor-widget elementor-widget-heading\" data-id=\"d5ba287\" data-element_type=\"widget\" data-widget_type=\"heading.default\">\n\t\t\t\t<div class=\"elementor-widget-container\">\n\t\t\t<h3 class=\"elementor-heading-title elementor-size-default\">Czas przetwarzania danych<\/h3>\t\t<\/div>\n\t\t\t\t<\/div>\n\t\t\t\t<div class=\"elementor-element elementor-element-0149040 elementor-widget elementor-widget-text-editor\" data-id=\"0149040\" data-element_type=\"widget\" data-widget_type=\"text-editor.default\">\n\t\t\t\t<div class=\"elementor-widget-container\">\n\t\t\t\t\t\t\t<p>Pa\u0144stwa dane osobowe b\u0119d\u0105 przechowywane przez okres funkcjonowania dzia\u0142alno\u015bci gospodarczej Naszej Firmy.<\/p>\t\t\t\t\t\t<\/div>\n\t\t\t\t<\/div>\n\t\t\t\t<div class=\"elementor-element elementor-element-77bd886 elementor-widget elementor-widget-heading\" data-id=\"77bd886\" data-element_type=\"widget\" data-widget_type=\"heading.default\">\n\t\t\t\t<div class=\"elementor-widget-container\">\n\t\t\t<h3 class=\"elementor-heading-title elementor-size-default\">Prawo U\u017cytkownika<\/h3>\t\t<\/div>\n\t\t\t\t<\/div>\n\t\t\t\t<div class=\"elementor-element elementor-element-14ea1d9 elementor-widget elementor-widget-text-editor\" data-id=\"14ea1d9\" data-element_type=\"widget\" data-widget_type=\"text-editor.default\">\n\t\t\t\t<div class=\"elementor-widget-container\">\n\t\t\t\t\t\t\t<p>Administrator informuje, \u017ce U\u017cytkownik ma prawo dost\u0119pu do danych osobowych, jak r\u00f3wnie\u017c do ich sprostowania, usuni\u0119cia lub ograniczenia przetwarzania, prawo do wniesienia sprzeciwu wobec przetwarzania, a tak\u017ce do wniesienia skargi do organu nadzorczego.<\/p><p>W przypadku pyta\u0144 dotycz\u0105cych przetwarzania danych osobowych prosimy o kontakt z Inspektorem Ochrony Danych pod wskazany adres e-mail: mireksloboda@wp.pl<\/p>\t\t\t\t\t\t<\/div>\n\t\t\t\t<\/div>\n\t\t\t\t<div class=\"elementor-element elementor-element-903c293 elementor-widget elementor-widget-heading\" data-id=\"903c293\" data-element_type=\"widget\" data-widget_type=\"heading.default\">\n\t\t\t\t<div class=\"elementor-widget-container\">\n\t\t\t<h3 class=\"elementor-heading-title elementor-size-default\">Mechanizm Cookies<\/h3>\t\t<\/div>\n\t\t\t\t<\/div>\n\t\t\t\t<div class=\"elementor-element elementor-element-f9769dc elementor-widget elementor-widget-text-editor\" data-id=\"f9769dc\" data-element_type=\"widget\" data-widget_type=\"text-editor.default\">\n\t\t\t\t<div class=\"elementor-widget-container\">\n\t\t\t\t\t\t\t<ol><li>Administrator wykorzystuje pliki cookies (ciasteczka), czyli niewielkie informacje tekstowe, przechowywane na urz\u0105dzeniu ko\u0144cowym U\u017cytkownika (np. komputer, tablet, smartphone). Cookies mog\u0105 by\u0107 odczytywane przez system teleinformatyczny Administratora.<\/li><li>Administrator przechowuje pliki cookies na urz\u0105dzeniu ko\u0144cowym U\u017cytkownika, a nast\u0119pnie uzyskuje dost\u0119p do informacji w nich zawartych w nast\u0119puj\u0105cych celach:<ul><li>prawid\u0142owego dzia\u0142ania Strony www, a zw\u0142aszcza utrzymania sesji po logowaniu,<\/li><li>dostosowania oferowanych us\u0142ug do preferencji U\u017cytkownika,<\/li><li>zapami\u0119tania indywidualnych preferencji U\u017cytkownika,<\/li><li>marketingowych,<\/li><li>statystycznych,<\/li><li>analitycznych.<\/li><\/ul><\/li><li>Administrator informuje tak\u017ce U\u017cytkownik\u00f3w, \u017ce istnieje mo\u017cliwo\u015b\u0107 takiej konfiguracji przegl\u0105darki internetowej, kt\u00f3ra uniemo\u017cliwia zapisywanie i przechowywanie plik\u00f3w cookies na urz\u0105dzeniu ko\u0144cowym U\u017cytkownika.<\/li><li>Administrator wskazuje tak\u017ce, \u017ce pliki cookies mog\u0105 by\u0107 przez U\u017cytkownika usuni\u0119te po ich zapisaniu przez Administratora, poprzez odpowiednie funkcje przegl\u0105darki, programy s\u0142u\u017c\u0105ce w tym celu lub skorzystanie z odpowiednich narz\u0119dzi dost\u0119pnych w ramach systemu operacyjnego.<\/li><li>Pod tymi linkami zamieszczone s\u0105 informacje o sposobach usuni\u0119cia cookies w wybranych przegl\u0105darkach internetowych:<ul><li>Firefox: http:\/\/support.mozilla.org\/pl\/kb\/usuwanie-ciasteczek,<\/li><li>Opera: http:\/\/help.opera.com\/Linux\/9.60\/pl\/cookies.html,<\/li><li>Internet Explorer: http:\/\/support.microsoft.com\/kb\/278835\/pl,<\/li><li>Chrome: http:\/\/support.google.com\/chrome\/bin\/answer.py?hl=pl&amp;answer=95647,<\/li><li>Safari: http:\/\/support.apple.com\/kb\/HT1677?viewlocale=pl_PL<\/li><\/ul><\/li><li>Administrator informuje U\u017cytkownik\u00f3w, \u017ce zmiana konfiguracji przegl\u0105darki internetowej, kt\u00f3ra uniemo\u017cliwia lub ogranicza przechowywanie plik\u00f3w cookies mo\u017ce spowodowa\u0107 ograniczenia funkcjonalno\u015bci \u015bwiadczonych us\u0142ug. Do podobnych skutk\u00f3w mo\u017ce prowadzi\u0107 wykasowanie plik\u00f3w cookies w trakcie \u015bwiadczenia us\u0142ugi.<\/li><\/ol>\t\t\t\t\t\t<\/div>\n\t\t\t\t<\/div>\n\t\t\t\t\t<\/div>\n\t\t<\/div>\n\t\t\t\t\t\t\t<\/div>\n\t\t<\/section>\n\t\t\t\t\t\t<\/div>\n\t\t\t\t\t<\/div>\n\t\t","protected":false},"excerpt":{"rendered":"<p>POLITYKA PRYWATNO\u015aCI (RODO) Zgodnie z art. 13 ust. 1 i ust. 2 rozporz\u0105dzenia Parlamentu Europejskiego i Rady (UE) 2016\/679 z 27 kwietnia 2016 r. w sprawie ochrony os\u00f3b fizycznych w zwi\u0105zku z przetwarzaniem danych osobowych i w sprawie swobodnego przep\u0142ywu takich danych oraz uchylenia dyrektywy 95\/46\/WE (RODO), informujemy \u017ce: Zale\u017cy nam na zachowaniu Pani\/Pana prywatno\u015bci [&hellip;]<\/p>\n","protected":false},"author":1,"featured_media":0,"parent":0,"menu_order":0,"comment_status":"closed","ping_status":"closed","template":"","meta":{"om_disable_all_campaigns":false,"_monsterinsights_skip_tracking":false,"_monsterinsights_sitenote_active":false,"_monsterinsights_sitenote_note":"","_monsterinsights_sitenote_category":0,"footnotes":""},"class_list":["post-482","page","type-page","status-publish","hentry"],"_links":{"self":[{"href":"https:\/\/projektysloboda.pl\/index.php\/wp-json\/wp\/v2\/pages\/482","targetHints":{"allow":["GET"]}}],"collection":[{"href":"https:\/\/projektysloboda.pl\/index.php\/wp-json\/wp\/v2\/pages"}],"about":[{"href":"https:\/\/projektysloboda.pl\/index.php\/wp-json\/wp\/v2\/types\/page"}],"author":[{"embeddable":true,"href":"https:\/\/projektysloboda.pl\/index.php\/wp-json\/wp\/v2\/users\/1"}],"replies":[{"embeddable":true,"href":"https:\/\/projektysloboda.pl\/index.php\/wp-json\/wp\/v2\/comments?post=482"}],"version-history":[{"count":12,"href":"https:\/\/projektysloboda.pl\/index.php\/wp-json\/wp\/v2\/pages\/482\/revisions"}],"predecessor-version":[{"id":519,"href":"https:\/\/projektysloboda.pl\/index.php\/wp-json\/wp\/v2\/pages\/482\/revisions\/519"}],"wp:attachment":[{"href":"https:\/\/projektysloboda.pl\/index.php\/wp-json\/wp\/v2\/media?parent=482"}],"curies":[{"name":"wp","href":"https:\/\/api.w.org\/{rel}","templated":true}]}}